{"id":3473,"date":"2024-02-08T19:49:16","date_gmt":"2024-02-08T18:49:16","guid":{"rendered":"https:\/\/www.pilse-suchen.de\/?page_id=3473"},"modified":"2024-02-10T12:57:18","modified_gmt":"2024-02-10T11:57:18","slug":"pilse-suchen-2016","status":"publish","type":"page","link":"https:\/\/www.pilse-suchen.de\/?page_id=3473","title":{"rendered":"Pilse Suchen 2016"},"content":{"rendered":"\n<p>08.10.2016<\/p>\n\n\n\n<p>Auch zum 20-j\u00e4hrigen Jubil\u00e4um des 1. Pilse-Such-Vereins war der Andrang zum Pilse Suchen ungebrochen. Die Veranstaltung war innerhalb von 4 Minuten ausgebucht und aufgrund einer kleinen Computerpanne sogar etwas \u00fcberbucht. Trotz des extragro\u00dfen PSV-Shuttles (bereitgestellt von Klaus Reisen aus Mindelheim) mussten PSV-Guides und ein paar G\u00e4ste leider stehen, was der Stimmung an Bord jedoch keinen Abbruch tat. Als kleine Jubil\u00e4umsgeschenke gab es seit Jahren mal wieder PSV-Pilskappenmesser und tolle PSV-Brotzeitbrettl.<\/p>\n\n\n\n<p><img decoding=\"async\" class=\"floatleft\" style=\"width: 300px;\" src=\"https:\/\/www.pilse-suchen.de\/wp-content\/uploads\/2024\/02\/20161008-165455-0076-scaled.jpg\" alt=\"\">Gut gelaunt ging es traditionsgem\u00e4\u00df in den PSV-Wald nahe Kaufering, wo bereits reichhaltige Pilsbest\u00e4nde auf die enthusiastische Menge warteten. Obwohl der Wald sich dieses Jahr stark sumpfig und nass pr\u00e4sentierte und die Ausbeute unerkl\u00e4rlicherweise etwas monokulturlastig war, trafen sich spontan kleine Gruppen zusammen, in denen sofort roh genie\u00dfbare Edelpilse vor Ort verk\u00f6stigt und gefachsimpelt wurde. Leider gab es trotz der umfangreichen Einweisung vor der Pilssuche durch die geschulten PSV-Guides vereinzelt F\u00e4lle, in denen vor allem weibliche Pilsesucherinnen unbekannt Giftpilse konsumierten und bereits das erste Stadium einer Pilsvergiftung aufwiesen (Arme vor der Brust verschr\u00e4nken, leichtes Zittern, hochgezogene Schultern). Durch fachkundige Beratung und sofortige Verabreichung von Gegenpilsen konnten jedoch schwere Langzeitsch\u00e4den effektiv verhindert werden. Die betroffenen Pilsesucherinnen sind wohlauf und in bester Gesundheit.<\/p>\n\n\n\n<p>Besondere Aufmerksamkeit erweckte ein neues Pilsgew\u00e4chs in diesem Jahr- das PSV-Pils &#8211; dessen Herkunft bis dato noch unbekannt ist. Vermutlich handelt es sich um unkontrollierten Pilssporenflug aus der nahegelegenen Pilszuchtstation Kaltenberg. Genaueres gilt es jedochnoch herauszufinden. Leider entpuppte sich diese neue Sorte noch als etwas s\u00e4uerlich und jung, weshalb das PSV-Pils beim Test durch die Teilnehmer noch nicht ganz \u00fcberzeugte. Wir sind jedenfalls gespannt, wie sich das Gew\u00e4chs in den n\u00e4chsten Jahren entwickelt, bzw. ob es sich \u00fcberhaupt gegen die starke Lokalpopulation durchsetzen kann. Wir werden n\u00e4chstes Jahr sehen.<\/p>\n\n\n\n<p><img decoding=\"async\" class=\"floatright\" style=\"width: 300px;\" src=\"https:\/\/www.pilse-suchen.de\/wp-content\/uploads\/2024\/02\/20161008-150304-0022-scaled.jpg\" alt=\"\">Traditionsgem\u00e4\u00df ging es dann auf der Panoramafahrt zum Schlo\u00df Kaltenberg mit Gruppenfoto. Anschie\u00dfend durch die ber\u00fcchtigten Kaufering Druckbetankungskreisel zum Leberk\u00e4s-Depot. Zur\u00fcck in der Pilshalle kam nach der leckeren Brotzeit das Pilsfest derart in Fahrt, dass uns leider (zum zweiten Mal seit Bestehen des Pilse-Such-Vereins) die Pilsbest\u00e4nde ausgingen, so dass einige Pilsfreunde leider nicht vollends auf ihre Kosten kamen. Dies sehen die lokalen PSV-Guides in erster Linie der Neuansiedlung des PSV-Pilses geschuldet, welches sich gro\u00dfe Teile der Reviere im PSV-Wald aneignete, dann jedoch geschmacklich nicht \u00fcberzeugte. Hier sind nun der Pilse-Such-Verein gefragt, der durch gezielte Kultivierung der Best\u00e4nde eine ausgewogene Artenvielfalt garantieren muss.<\/p>\n\n\n\n<p>Alles in allem war es ein geselliger Jubil\u00e4umstag, der uns sicherlich noch lange in guter Erinnerung bleiben wird. Wir freuen uns schon aufs n\u00e4chste Jahr &#8211; hoffentlich dann wieder mit reibungsloser Online-Anmeldung.<\/p>\n\n\n\n<p>Gut Pils!<br>Euer PSV Vorstand<\/p>\n\n\n\n<figure class=\"wp-block-image size-large\"><img loading=\"lazy\" decoding=\"async\" width=\"1024\" height=\"629\" src=\"https:\/\/www.pilse-suchen.de\/wp-content\/uploads\/2024\/02\/gruppe-15-1024x629.jpg\" alt=\"\" class=\"wp-image-5072\" srcset=\"https:\/\/www.pilse-suchen.de\/wp-content\/uploads\/2024\/02\/gruppe-15-1024x629.jpg 1024w, https:\/\/www.pilse-suchen.de\/wp-content\/uploads\/2024\/02\/gruppe-15-300x184.jpg 300w, https:\/\/www.pilse-suchen.de\/wp-content\/uploads\/2024\/02\/gruppe-15-768x472.jpg 768w, https:\/\/www.pilse-suchen.de\/wp-content\/uploads\/2024\/02\/gruppe-15-1536x944.jpg 1536w, https:\/\/www.pilse-suchen.de\/wp-content\/uploads\/2024\/02\/gruppe-15-600x369.jpg 600w, https:\/\/www.pilse-suchen.de\/wp-content\/uploads\/2024\/02\/gruppe-15.jpg 1997w\" sizes=\"auto, (max-width: 1024px) 100vw, 1024px\" \/><\/figure>\n\n\n\n<div class=\"wp-block-buttons is-content-justification-center is-layout-flex wp-container-core-buttons-is-layout-a89b3969 wp-block-buttons-is-layout-flex\">\n<div class=\"wp-block-button\"><a class=\"wp-block-button__link wp-element-button\" href=\"https:\/\/www.pilse-suchen.de\/?page_id=3499\">Fotoalbum<\/a><\/div>\n<\/div>\n\n\n\n<h2 class=\"wp-block-heading has-text-align-center\">Brosch\u00fcre<\/h2>\n\n\n<a href=\"https:\/\/www.pilse-suchen.de\/wp-content\/uploads\/2024\/02\/broschuere2016.pdf\" class=\"pdfemb-viewer\" style=\"width:500px;\" data-width=\"500\" data-height=\"max\" data-toolbar=\"bottom\" data-toolbar-fixed=\"off\">broschuere2016<\/a>\n<p class=\"wp-block-pdfemb-pdf-embedder-viewer\"><\/p>\n\n\n\n<h2 class=\"wp-block-heading has-text-align-center\">Gru\u00dfwort<\/h2>\n\n\n<a href=\"https:\/\/www.pilse-suchen.de\/wp-content\/uploads\/2024\/02\/grusswort2016.pdf\" class=\"pdfemb-viewer\" style=\"width:500px;\" data-width=\"500\" data-height=\"max\" data-toolbar=\"bottom\" data-toolbar-fixed=\"off\">grusswort2016<\/a>\n<p class=\"wp-block-pdfemb-pdf-embedder-viewer\"><\/p>\n","protected":false},"excerpt":{"rendered":"<p>08.10.2016 Auch zum 20-j\u00e4hrigen Jubil\u00e4um des 1. Pilse-Such-Vereins war der Andrang zum Pilse Suchen ungebrochen. Die Veranstaltung war innerhalb von 4 Minuten ausgebucht und aufgrund einer kleinen Computerpanne sogar etwas \u00fcberbucht. Trotz des extragro\u00dfen PSV-Shuttles (bereitgestellt von Klaus Reisen aus Mindelheim) mussten PSV-Guides und ein paar G\u00e4ste leider stehen, was der Stimmung an Bord jedoch [&hellip;]<\/p>\n","protected":false},"author":1,"featured_media":0,"parent":12,"menu_order":0,"comment_status":"closed","ping_status":"closed","template":"","meta":{"ngg_post_thumbnail":0,"footnotes":""},"class_list":["post-3473","page","type-page","status-publish","hentry"],"_links":{"self":[{"href":"https:\/\/www.pilse-suchen.de\/index.php?rest_route=\/wp\/v2\/pages\/3473","targetHints":{"allow":["GET"]}}],"collection":[{"href":"https:\/\/www.pilse-suchen.de\/index.php?rest_route=\/wp\/v2\/pages"}],"about":[{"href":"https:\/\/www.pilse-suchen.de\/index.php?rest_route=\/wp\/v2\/types\/page"}],"author":[{"embeddable":true,"href":"https:\/\/www.pilse-suchen.de\/index.php?rest_route=\/wp\/v2\/users\/1"}],"replies":[{"embeddable":true,"href":"https:\/\/www.pilse-suchen.de\/index.php?rest_route=%2Fwp%2Fv2%2Fcomments&post=3473"}],"version-history":[{"count":4,"href":"https:\/\/www.pilse-suchen.de\/index.php?rest_route=\/wp\/v2\/pages\/3473\/revisions"}],"predecessor-version":[{"id":5327,"href":"https:\/\/www.pilse-suchen.de\/index.php?rest_route=\/wp\/v2\/pages\/3473\/revisions\/5327"}],"up":[{"embeddable":true,"href":"https:\/\/www.pilse-suchen.de\/index.php?rest_route=\/wp\/v2\/pages\/12"}],"wp:attachment":[{"href":"https:\/\/www.pilse-suchen.de\/index.php?rest_route=%2Fwp%2Fv2%2Fmedia&parent=3473"}],"curies":[{"name":"wp","href":"https:\/\/api.w.org\/{rel}","templated":true}]}}