{"id":46,"date":"2024-01-30T20:31:16","date_gmt":"2024-01-30T19:31:16","guid":{"rendered":"https:\/\/www.pilse-suchen.de\/?page_id=46"},"modified":"2024-02-08T20:42:41","modified_gmt":"2024-02-08T19:42:41","slug":"pilse-suchen-1996","status":"publish","type":"page","link":"https:\/\/www.pilse-suchen.de\/?page_id=46","title":{"rendered":"Pilse Suchen 1996"},"content":{"rendered":"\n<p>Am 26.10.1996 wurde der Pilse-Such-Verein von den damals drei Vorstandsmitgliedern Ingo Reiniger, Johannes Heilmaier und Moritz Hartmann mit dem ersten offiziellen Pilsesuchen ins Leben gerufen. Auf eine Sponsorenanfrage an die Brauerei Kaltenberg erhielten wir zwar keine finanzielle Unterst\u00fctzung, doch es war der Auftakt zu einer bis heute w\u00e4hrenden Tradition. Zum Pilse Suchen 1996 schrieb uns SKH Prinz Luitpold von Bayern das erste Gru\u00dfwort f\u00fcr unsere Pilsbrosch\u00fcre.<\/p>\n\n\n\n<p>Obwohl der Verein eben erst gegr\u00fcndet wurde, fanden sich doch bereits an die 15 Pilsesucherinnen und Pilsfreunde im Pilswald ein und freuten sich \u00fcber den vielf\u00e4ltigen Pilsbestand. Sie lernten von den Vorst\u00e4nden vor allem roh geniessbare Pilse von Giftpilsen zu unterscheiden.<\/p>\n\n\n\n<p>Mangels technischer Unterst\u00fctzung mussten die Pilsbrosch\u00fcren noch mit Originalabz\u00fcgen aus der Kleinbildkamera angefertigt werden.<\/p>\n\n\n\n<p>Die Begeisterung der Pilsesucher unterst\u00fctzte den Vorstand in seiner Entscheidung, die Tradition des Pilsesuchens wiederzubeleben und auch n\u00e4chstes Jahr ein Pilsesuchen zu veranstalten.<\/p>\n\n\n\n<figure class=\"wp-block-image size-full is-resized\"><img loading=\"lazy\" decoding=\"async\" width=\"600\" height=\"411\" src=\"https:\/\/www.pilse-suchen.de\/wp-content\/uploads\/2024\/01\/gruppenfoto1996.jpg\" alt=\"\" class=\"wp-image-47\" style=\"width:620px;height:auto\" srcset=\"https:\/\/www.pilse-suchen.de\/wp-content\/uploads\/2024\/01\/gruppenfoto1996.jpg 600w, https:\/\/www.pilse-suchen.de\/wp-content\/uploads\/2024\/01\/gruppenfoto1996-300x206.jpg 300w\" sizes=\"auto, (max-width: 600px) 100vw, 600px\" \/><\/figure>\n\n\n\n<div class=\"wp-block-group alignfull is-layout-flow wp-block-group-is-layout-flow\" style=\"margin-top:0;margin-bottom:0;padding-top:var(--wp--preset--spacing--50);padding-right:var(--wp--preset--spacing--50);padding-bottom:var(--wp--preset--spacing--50);padding-left:var(--wp--preset--spacing--50)\">\n<div class=\"wp-block-columns alignwide is-layout-flex wp-container-core-columns-is-layout-ff4b9c61 wp-block-columns-is-layout-flex\" style=\"margin-top:0;margin-bottom:0\">\n<div class=\"wp-block-column is-layout-flow wp-container-core-column-is-layout-8a368f38 wp-block-column-is-layout-flow\">\n<figure class=\"wp-block-image size-full is-resized is-style-rounded is-style-rounded--1\"><img loading=\"lazy\" decoding=\"async\" width=\"600\" height=\"399\" src=\"https:\/\/www.pilse-suchen.de\/wp-content\/uploads\/2024\/02\/korb.jpg\" alt=\"\" class=\"wp-image-238\" style=\"aspect-ratio:1.3333333333333333;object-fit:cover;width:453px;height:auto\" srcset=\"https:\/\/www.pilse-suchen.de\/wp-content\/uploads\/2024\/02\/korb.jpg 600w, https:\/\/www.pilse-suchen.de\/wp-content\/uploads\/2024\/02\/korb-300x200.jpg 300w\" sizes=\"auto, (max-width: 600px) 100vw, 600px\" \/><\/figure>\n\n\n\n<div style=\"height:var(--wp--preset--spacing--50)\" aria-hidden=\"true\" class=\"wp-block-spacer\"><\/div>\n\n\n\n<figure class=\"wp-block-image size-full is-resized is-style-rounded is-style-rounded--2\"><img loading=\"lazy\" decoding=\"async\" width=\"400\" height=\"598\" src=\"https:\/\/www.pilse-suchen.de\/wp-content\/uploads\/2024\/02\/Pils-auf-Wiese-vor-Baum.jpg\" alt=\"\" class=\"wp-image-239\" style=\"aspect-ratio:0.75;object-fit:cover;width:452px;height:auto\" srcset=\"https:\/\/www.pilse-suchen.de\/wp-content\/uploads\/2024\/02\/Pils-auf-Wiese-vor-Baum.jpg 400w, https:\/\/www.pilse-suchen.de\/wp-content\/uploads\/2024\/02\/Pils-auf-Wiese-vor-Baum-201x300.jpg 201w\" sizes=\"auto, (max-width: 400px) 100vw, 400px\" \/><\/figure>\n<\/div>\n\n\n\n<div class=\"wp-block-column is-layout-flow wp-container-core-column-is-layout-8a368f38 wp-block-column-is-layout-flow\">\n<div style=\"height:var(--wp--preset--spacing--50)\" aria-hidden=\"true\" class=\"wp-block-spacer\"><\/div>\n\n\n\n<figure class=\"wp-block-image size-full is-resized is-style-rounded is-style-rounded--3\"><img loading=\"lazy\" decoding=\"async\" width=\"400\" height=\"556\" src=\"https:\/\/www.pilse-suchen.de\/wp-content\/uploads\/2024\/02\/Fliegenpilz.jpg\" alt=\"\" class=\"wp-image-237\" style=\"aspect-ratio:0.75;object-fit:cover;width:348px;height:auto\" srcset=\"https:\/\/www.pilse-suchen.de\/wp-content\/uploads\/2024\/02\/Fliegenpilz.jpg 400w, https:\/\/www.pilse-suchen.de\/wp-content\/uploads\/2024\/02\/Fliegenpilz-216x300.jpg 216w\" sizes=\"auto, (max-width: 400px) 100vw, 400px\" \/><\/figure>\n\n\n\n<div style=\"height:var(--wp--preset--spacing--50)\" aria-hidden=\"true\" class=\"wp-block-spacer\"><\/div>\n\n\n\n<figure class=\"wp-block-image size-full is-resized is-style-rounded is-style-rounded--4\"><img loading=\"lazy\" decoding=\"async\" width=\"400\" height=\"604\" src=\"https:\/\/www.pilse-suchen.de\/wp-content\/uploads\/2024\/02\/Wald.jpg\" alt=\"\" class=\"wp-image-240\" style=\"aspect-ratio:1;object-fit:cover;width:415px;height:auto\" srcset=\"https:\/\/www.pilse-suchen.de\/wp-content\/uploads\/2024\/02\/Wald.jpg 400w, https:\/\/www.pilse-suchen.de\/wp-content\/uploads\/2024\/02\/Wald-199x300.jpg 199w\" sizes=\"auto, (max-width: 400px) 100vw, 400px\" \/><\/figure>\n<\/div>\n<\/div>\n<\/div>\n\n\n\n<h3 class=\"wp-block-heading has-text-align-center\">Gru\u00dfwort SKH Prinz Luitpolt v. Bayern<\/h3>\n\n\n\n<pre class=\"wp-block-code\"><code>Ein herzliches \"Gr\u00fc\u00df Gott\" zum Pilse Suchen!\n\nDabei handelt es sich sicher um eine Veranstaltung, die mit sehr viel Spa\u00df verbunden ist, wenn sich auch einige Gefahren daraus ergeben. So ist der Genu\u00df von Gift - Pilsen auf alle F\u00e4lle zu vermeiden.\n\nInsbesondere sollten auch verd\u00e4chtige Exemplare mit m\u00f6glicherweise ausl\u00e4ndischer Herkunft mit besonderer Zur\u00fcckhaltung begutachtet werden. Nicht alle Pilse sind so gut, wie sie aussehen. Manchmal versteckt sich auch eine Stinkmorchel unter den Guten.\n\nInsbesondere bei h\u00f6herem Alter der Pilse ist zudem mit Geschmacksfehlern, wie F\u00e4ulnisgeruch oder Wurmstichigkeit zu rechnen. Daher empfehle ich ihnen vor allem heimische Frischpilse.\n\nViel Erfolg und Spa\u00df w\u00fcnsche ich ihnen beim Pilsesammeln.<\/code><\/pre>\n\n\n\n<figure class=\"wp-block-image size-full\"><img loading=\"lazy\" decoding=\"async\" width=\"305\" height=\"207\" src=\"https:\/\/www.pilse-suchen.de\/wp-content\/uploads\/2024\/01\/uluitpolt-1.gif\" alt=\"\" class=\"wp-image-49\"\/><\/figure>\n","protected":false},"excerpt":{"rendered":"<p>Am 26.10.1996 wurde der Pilse-Such-Verein von den damals drei Vorstandsmitgliedern Ingo Reiniger, Johannes Heilmaier und Moritz Hartmann mit dem ersten offiziellen Pilsesuchen ins Leben gerufen. Auf eine Sponsorenanfrage an die Brauerei Kaltenberg erhielten wir zwar keine finanzielle Unterst\u00fctzung, doch es war der Auftakt zu einer bis heute w\u00e4hrenden Tradition. Zum Pilse Suchen 1996 schrieb uns [&hellip;]<\/p>\n","protected":false},"author":1,"featured_media":0,"parent":12,"menu_order":0,"comment_status":"closed","ping_status":"closed","template":"","meta":{"ngg_post_thumbnail":0,"footnotes":""},"class_list":["post-46","page","type-page","status-publish","hentry"],"_links":{"self":[{"href":"https:\/\/www.pilse-suchen.de\/index.php?rest_route=\/wp\/v2\/pages\/46","targetHints":{"allow":["GET"]}}],"collection":[{"href":"https:\/\/www.pilse-suchen.de\/index.php?rest_route=\/wp\/v2\/pages"}],"about":[{"href":"https:\/\/www.pilse-suchen.de\/index.php?rest_route=\/wp\/v2\/types\/page"}],"author":[{"embeddable":true,"href":"https:\/\/www.pilse-suchen.de\/index.php?rest_route=\/wp\/v2\/users\/1"}],"replies":[{"embeddable":true,"href":"https:\/\/www.pilse-suchen.de\/index.php?rest_route=%2Fwp%2Fv2%2Fcomments&post=46"}],"version-history":[{"count":5,"href":"https:\/\/www.pilse-suchen.de\/index.php?rest_route=\/wp\/v2\/pages\/46\/revisions"}],"predecessor-version":[{"id":3533,"href":"https:\/\/www.pilse-suchen.de\/index.php?rest_route=\/wp\/v2\/pages\/46\/revisions\/3533"}],"up":[{"embeddable":true,"href":"https:\/\/www.pilse-suchen.de\/index.php?rest_route=\/wp\/v2\/pages\/12"}],"wp:attachment":[{"href":"https:\/\/www.pilse-suchen.de\/index.php?rest_route=%2Fwp%2Fv2%2Fmedia&parent=46"}],"curies":[{"name":"wp","href":"https:\/\/api.w.org\/{rel}","templated":true}]}}