{"id":55,"date":"2024-01-30T20:47:57","date_gmt":"2024-01-30T19:47:57","guid":{"rendered":"https:\/\/www.pilse-suchen.de\/?page_id=55"},"modified":"2024-02-08T20:42:14","modified_gmt":"2024-02-08T19:42:14","slug":"pilse-suchen-1997","status":"publish","type":"page","link":"https:\/\/www.pilse-suchen.de\/?page_id=55","title":{"rendered":"Pilse Suchen 1997"},"content":{"rendered":"\n<p class=\"has-text-align-left\">01.11.1997<\/p>\n\n\n\n<div class=\"wp-block-group is-vertical is-content-justification-left is-layout-flex wp-container-core-group-is-layout-dd225191 wp-block-group-is-layout-flex\">\n<p>Das Pilse Suchen erfreute sich bereits im zweiten Jahr gro\u00dfer Beliebtheit und so konnte der PSV-Vorstand einen deutlichen Zuwachs an Pilsbegeisterten verzeichnen.<\/p>\n\n\n\n<p>An einem sp\u00e4ten aber sonnigen Herbsttag fanden sich rund 40 Pilsesucherinnen und Pilsesucher im Pilswald ein, um nach den K\u00f6stlichkeiten zu st\u00f6bern, die hier unter teils dicken Laubschichten verborgen auf sie warteten.<\/p>\n\n\n\n<p>Um den geselligen Charakter der Veranstaltung deutlicher hervorzuheben, wurde in diesem Jahr zum ersten mal das &#8222;Pilsfest&#8220; im Anschluss an das Pilse Suchen veranstaltet. Dort konnten sich die hungrigen Pilsesucher bei einer Brotzeit st\u00e4rken und ihre F\u00fcnde ausgiebig in gem\u00fctlicher Atmosph\u00e4re verk\u00f6stigen.<\/p>\n\n\n\n<figure class=\"wp-block-image size-full\"><img loading=\"lazy\" decoding=\"async\" width=\"750\" height=\"401\" src=\"https:\/\/www.pilse-suchen.de\/wp-content\/uploads\/2024\/02\/gruppe97.jpg\" alt=\"\" class=\"wp-image-249\" srcset=\"https:\/\/www.pilse-suchen.de\/wp-content\/uploads\/2024\/02\/gruppe97.jpg 750w, https:\/\/www.pilse-suchen.de\/wp-content\/uploads\/2024\/02\/gruppe97-300x160.jpg 300w, https:\/\/www.pilse-suchen.de\/wp-content\/uploads\/2024\/02\/gruppe97-600x321.jpg 600w\" sizes=\"auto, (max-width: 750px) 100vw, 750px\" \/><\/figure>\n<\/div>\n\n\n\n<div class=\"wp-block-buttons is-content-justification-center is-layout-flex wp-container-core-buttons-is-layout-a89b3969 wp-block-buttons-is-layout-flex\">\n<div class=\"wp-block-button\"><a class=\"wp-block-button__link wp-element-button\" href=\"https:\/\/www.pilse-suchen.de\/?page_id=3445\">Fotoalbum<\/a><\/div>\n<\/div>\n\n\n\n<h3 class=\"wp-block-heading has-text-align-center\">Brosch\u00fcre<\/h3>\n\n\n<a href=\"https:\/\/www.pilse-suchen.de\/wp-content\/uploads\/2024\/02\/broschuere1997.pdf\" class=\"pdfemb-viewer\" style=\"width:500px;\" data-width=\"500\" data-height=\"max\" data-toolbar=\"bottom\" data-toolbar-fixed=\"off\">broschuere1997<\/a>\n<p class=\"wp-block-pdfemb-pdf-embedder-viewer\"><\/p>\n\n\n\n<h3 class=\"wp-block-heading has-text-align-center\">Gru\u00dfwort 1997<\/h3>\n\n\n\n<pre class=\"wp-block-code\"><code>Ein herzliches \"Gr\u00fc\u00df Gott\" zum Pilsesuchen,\n\nIch freue mich, da\u00df Sie offensichtlich alle das vergangene Jahr ohne Fehlgriff zu Giftpilsen \u00fcberlebt haben. Ihre perfekten Kenntnisse haben Sie vor jeder Gefahr bewahrt.\nAuch in diesem Jahr w\u00fcnsche ich Ihnen viel Spa\u00df bei Ihren Erkundigungen der Gew\u00e4chse unserer heimischen W\u00e4lder und Fluren.\n\nIhr besonderes Augenmerk sollten Sie auf die sogenannten Fernseh-Pilse richten, man sollte Sie besser nur von fern sehen, ist doch hier die Kraft mehr im \u00e4ther als im Geschmack. <\/code><\/pre>\n\n\n\n<figure class=\"wp-block-image size-full is-resized\"><img loading=\"lazy\" decoding=\"async\" width=\"305\" height=\"207\" src=\"https:\/\/www.pilse-suchen.de\/wp-content\/uploads\/2024\/01\/uluitpolt-1.gif\" alt=\"\" class=\"wp-image-49\" style=\"width:203px;height:auto\"\/><\/figure>\n","protected":false},"excerpt":{"rendered":"<p>01.11.1997 Das Pilse Suchen erfreute sich bereits im zweiten Jahr gro\u00dfer Beliebtheit und so konnte der PSV-Vorstand einen deutlichen Zuwachs an Pilsbegeisterten verzeichnen. An einem sp\u00e4ten aber sonnigen Herbsttag fanden sich rund 40 Pilsesucherinnen und Pilsesucher im Pilswald ein, um nach den K\u00f6stlichkeiten zu st\u00f6bern, die hier unter teils dicken Laubschichten verborgen auf sie warteten. [&hellip;]<\/p>\n","protected":false},"author":1,"featured_media":0,"parent":12,"menu_order":0,"comment_status":"closed","ping_status":"closed","template":"","meta":{"ngg_post_thumbnail":0,"footnotes":""},"class_list":["post-55","page","type-page","status-publish","hentry"],"_links":{"self":[{"href":"https:\/\/www.pilse-suchen.de\/index.php?rest_route=\/wp\/v2\/pages\/55","targetHints":{"allow":["GET"]}}],"collection":[{"href":"https:\/\/www.pilse-suchen.de\/index.php?rest_route=\/wp\/v2\/pages"}],"about":[{"href":"https:\/\/www.pilse-suchen.de\/index.php?rest_route=\/wp\/v2\/types\/page"}],"author":[{"embeddable":true,"href":"https:\/\/www.pilse-suchen.de\/index.php?rest_route=\/wp\/v2\/users\/1"}],"replies":[{"embeddable":true,"href":"https:\/\/www.pilse-suchen.de\/index.php?rest_route=%2Fwp%2Fv2%2Fcomments&post=55"}],"version-history":[{"count":43,"href":"https:\/\/www.pilse-suchen.de\/index.php?rest_route=\/wp\/v2\/pages\/55\/revisions"}],"predecessor-version":[{"id":3532,"href":"https:\/\/www.pilse-suchen.de\/index.php?rest_route=\/wp\/v2\/pages\/55\/revisions\/3532"}],"up":[{"embeddable":true,"href":"https:\/\/www.pilse-suchen.de\/index.php?rest_route=\/wp\/v2\/pages\/12"}],"wp:attachment":[{"href":"https:\/\/www.pilse-suchen.de\/index.php?rest_route=%2Fwp%2Fv2%2Fmedia&parent=55"}],"curies":[{"name":"wp","href":"https:\/\/api.w.org\/{rel}","templated":true}]}}