{"id":86,"date":"2024-01-30T21:14:34","date_gmt":"2024-01-30T20:14:34","guid":{"rendered":"https:\/\/www.pilse-suchen.de\/?page_id=86"},"modified":"2024-01-31T19:17:00","modified_gmt":"2024-01-31T18:17:00","slug":"anleitung-zum-pilsetesten","status":"publish","type":"page","link":"https:\/\/www.pilse-suchen.de\/?page_id=86","title":{"rendered":"Anleitung zum Pilsetesten"},"content":{"rendered":"\n<p>Sicherlich haben sich viele von Euch schon gefragt, wie die objektiven Pilsetests in der Brosch\u00fcre und der Pilsdatenbank genau entstehen. Die Tradition des Pilsetestens gibt es schon seit mehreren hundert Jahren und wird von Generation zu Generation weiterentwickelt und perfektioniert. Jeder Pilsetester sucht einen pers\u00f6nlichen Nachkommen aus und bildet diesen mit aller Kraft aus, hierbei wird auch besonders die Geheimhaltung dieser einzigartigen Kunst des Pilsetesten gelehrt. Deswegen k\u00f6nnen hier nur die groben Grundz\u00fcge dieser hohen Kunst in Ans\u00e4tzen gezeigt werden. Wir m\u00fcssen auch darauf hinweisen, dass dies nur exemplarisch gemacht werden kann. Daher raten wir von der Nachahmung ohne die Anwesenheit von langj\u00e4hrig erfahrenen Testern ab und \u00fcbernehmen hierf\u00fcr auch keine Verantwortung. Die Grundz\u00fcge k\u00f6nnen auch mit Giftpilsen gelehrt und trainiert werden, dies hat jedoch einen Traditionsbruch und ein erhebliches Gesundheitsrisiko zur Folge ! Der vollst\u00e4ndige Test unterteilt sich in die folgenden Punkte:<\/p>\n\n\n\n<ol class=\"wp-block-list\">\n<li><strong><a href=\"https:\/\/www.pilse-suchen.de\/?page_id=91\" data-type=\"page\" data-id=\"91\">Wichtige Vorbemerkungen<\/a><\/strong><\/li>\n\n\n\n<li><a href=\"https:\/\/www.pilse-suchen.de\/?page_id=99\" data-type=\"page\" data-id=\"99\">Grunddaten erfassen<\/a><\/li>\n\n\n\n<li><a href=\"https:\/\/www.pilse-suchen.de\/?page_id=106\" data-type=\"page\" data-id=\"106\">Bewertung des Pilshutes<\/a><\/li>\n\n\n\n<li><a href=\"https:\/\/www.pilse-suchen.de\/?page_id=111\" data-type=\"page\" data-id=\"111\">Bewertung des Pilsstiels<\/a><\/li>\n\n\n\n<li><a href=\"https:\/\/www.pilse-suchen.de\/?page_id=114\" data-type=\"page\" data-id=\"114\">Bewertung des Pl\u00f6ppverhaltens<\/a><\/li>\n\n\n\n<li><a href=\"https:\/\/www.pilse-suchen.de\/?page_id=123\" data-type=\"page\" data-id=\"123\">Beobachtung der Schaumentwicklung<\/a><\/li>\n\n\n\n<li><a href=\"https:\/\/www.pilse-suchen.de\/?page_id=126\" data-type=\"page\" data-id=\"126\">Beurteilung des Geschmacks<\/a><\/li>\n\n\n\n<li><a href=\"https:\/\/www.pilse-suchen.de\/?page_id=128\" data-type=\"page\" data-id=\"128\">Vergabe der Geschmacksnote<\/a><\/li>\n<\/ol>\n\n\n\n<p>Bitte beachtet, dass hier nur das Grundkonzept eines Pilstests geschildert werden kann. Die fachkundige Beurteilung kann nur von geschulten Vorst\u00e4nden des Pilse-Such-Vereins vorgenommen werden. Sobald sich die Neulinge zumindest in der Lage f\u00fchlen, Pilse von Giftpilsen zu unterscheiden, kann mit einfachen Pilstests begonnen werden.ichtige Vorbemerkungen<\/p>\n\n\n\n<p class=\"has-text-align-right\">1. <a href=\"https:\/\/www.pilse-suchen.de\/?page_id=91\" data-type=\"page\" data-id=\"91\">Wichtige Vorbemerkungen<\/a> -&gt;<\/p>\n","protected":false},"excerpt":{"rendered":"<p>Sicherlich haben sich viele von Euch schon gefragt, wie die objektiven Pilsetests in der Brosch\u00fcre und der Pilsdatenbank genau entstehen. Die Tradition des Pilsetestens gibt es schon seit mehreren hundert Jahren und wird von Generation zu Generation weiterentwickelt und perfektioniert. Jeder Pilsetester sucht einen pers\u00f6nlichen Nachkommen aus und bildet diesen mit aller Kraft aus, hierbei [&hellip;]<\/p>\n","protected":false},"author":1,"featured_media":0,"parent":19,"menu_order":0,"comment_status":"closed","ping_status":"closed","template":"","meta":{"ngg_post_thumbnail":0,"footnotes":""},"class_list":["post-86","page","type-page","status-publish","hentry"],"_links":{"self":[{"href":"https:\/\/www.pilse-suchen.de\/index.php?rest_route=\/wp\/v2\/pages\/86","targetHints":{"allow":["GET"]}}],"collection":[{"href":"https:\/\/www.pilse-suchen.de\/index.php?rest_route=\/wp\/v2\/pages"}],"about":[{"href":"https:\/\/www.pilse-suchen.de\/index.php?rest_route=\/wp\/v2\/types\/page"}],"author":[{"embeddable":true,"href":"https:\/\/www.pilse-suchen.de\/index.php?rest_route=\/wp\/v2\/users\/1"}],"replies":[{"embeddable":true,"href":"https:\/\/www.pilse-suchen.de\/index.php?rest_route=%2Fwp%2Fv2%2Fcomments&post=86"}],"version-history":[{"count":5,"href":"https:\/\/www.pilse-suchen.de\/index.php?rest_route=\/wp\/v2\/pages\/86\/revisions"}],"predecessor-version":[{"id":137,"href":"https:\/\/www.pilse-suchen.de\/index.php?rest_route=\/wp\/v2\/pages\/86\/revisions\/137"}],"up":[{"embeddable":true,"href":"https:\/\/www.pilse-suchen.de\/index.php?rest_route=\/wp\/v2\/pages\/19"}],"wp:attachment":[{"href":"https:\/\/www.pilse-suchen.de\/index.php?rest_route=%2Fwp%2Fv2%2Fmedia&parent=86"}],"curies":[{"name":"wp","href":"https:\/\/api.w.org\/{rel}","templated":true}]}}